late the greatest common divisor of 39445 and 1556755.
115
What is the greatest common divisor of 502313437 and 3688?
461
Calculate the highest common divisor of 5159 and 8168573.
469
Calculate the greatest common factor of 22933896 and 37848.
1992
What is the greatest common factor of 130744306 and 308?
154
What is the greatest common factor of 15490740 and 840?
60
Calculate the greatest common factor of 23397 and 2034121.
709
Calculate the highest common divisor of 17450680 and 296.
296
Calculate the greatest common factor of 3232 and 18563396.
404
What is the highest common divisor of 1415280 and 19200?
240
Calculate the greatest common factor of 365 and 2182075485.
365
What is the highest common factor of 127400 and 33475?
325
Calculate the highest common divisor of 248 and 19072192.
248
Calculate the highest common divisor of 93301 and 689.
13
What is the highest common divisor of 910306 and 16808?
382
Calculate the highest common divisor of 334340 and 5840.
1460
What is the highest common factor of 69896454 and 1746?
582
What is the greatest common factor of 198 and 70315443?
99
Calculate the greatest common divisor of 411843 and 87.
3
What is the greatest common factor of 8806 and 535197230?
1258
Calculate the highest common factor of 2002 and 22558510.
26
What is the highest common factor of 120 and 517740?
60
Calculate the highest common factor of 2325837 and 5340.
267
Calculate the greatest common factor of 29780556 and 156.
156
Calculate the highest common divisor of 151687850 and 1850.
50
What is the highest common factor of 2980864 and 3303616?
2624
Calculate the greatest common factor of 26332 and 224402.
58
What is the greatest common factor of 22960620 and 240?
60
What is the highest common divisor of 20 and 510464?
4
What is the greatest common divisor of 56919578 and 4?
2
Calculate the greatest common factor of 157810 and 25370.
430
Calculate the greatest common divisor of 14697255 and 63705.
465
What is the greatest common divisor of 72 and 8382492?
36
Calculate the highest common divisor of 2436 and 5259759.
87
What is the highest common factor of 975306 and 1272?
318
What is the highest common divisor of 537 and 20687209?
179
What is the greatest common divisor of 1132950 and 211302?
546
Calculate the highest common divisor of 67706125 and 1750.
125
What is the highest common factor of 1574625 and 341107?
247
Calculate the greatest common factor of 5 and 5220905.
5
Calculate the highest common divisor of 116271009 and 9.
9
Calculate the greatest common divisor of 345 and 88330695.
345
Calculate the greatest common factor of 10227171 and 6.
3
Calculate the highest common divisor of 6668 and 737317434.
3334
Calculate the greatest common factor of 458197847 and 2582.
1291
What is the greatest common factor of 23618972 and 260?
52
What is the greatest common divisor of 140477 and 5?
1
Calculate the greatest common divisor of 2674695 and 144995.
3085
Calculate the greatest common factor of 6280 and 50207658.
314
What is the greatest common factor of 3262099990 and 10?
10
Calculate the greatest common factor of 116 and 109278322.
58
What is the greatest common factor of 12863145 and 815?
815
Calculate the highest common divisor of 506430 and 459.
153
Calculate the highest common factor of 100 and 150078100.
100
What is the greatest common divisor of 195 and 65122278?
39
Calculate the greatest common factor of 84 and 13255116.
84
Calculate the greatest common factor of 3672300288 and 96.
96
What is the highest common factor of 89054 and 1631?
7
Calculate the highest common factor of 45 and 299602647.
9
What is the greatest common factor of 10693566 and 11232?
702
What is the highest common divisor of 334685 and 36585?
1355
Calculate the greatest common factor of 15090 and 1570290.
30
Calculate the highest common divisor of 170632836 and 253.
11
Calculate the highest common factor of 376 and 25612932.
188
What is the highest common divisor of 6082120 and 8800?
440
Calculate the highest common factor of 42214293 and 22.
11
Calculate the greatest common factor of 9296956 and 3085.
617
What is the greatest common divisor of 168 and 2681916?
12
Calculate the greatest common divisor of 108 and 128991366.
54
Calculate the highest common divisor of 1612940 and 385.
35
Calculate the highest common factor of 66757946 and 34.
34
Calculate the greatest common factor of 13122298 and 1862.
98
Calculate the greatest common factor of 8866549 and 2781.
103
Calculate the highest common divisor of 1485 and 37784835.
495
Calculate the highest common factor of 6452281 and 22.
11
What is the greatest common factor of 5812663 and 296?
37
What is the greatest common factor of 200 and 72340100?
100
What is the greatest common divisor of 1428432 and 438?
6
Calculate the greatest common divisor of 1296 and 2818395.
81
Calculate the highest common divisor of 3964600 and 1628252.
1844
Calculate the highest common factor of 419356 and 161602.
238
Calculate the highest common divisor of 45130599 and 2389.
2389
Calculate the highest common factor of 13442 and 49166260.
286
What is the highest common factor of 9843660 and 1080?
540
What is the highest common factor of 3243 and 5018305761?
3243
What is the highest common factor of 3549 and 1098934837?
1183
What is the greatest common factor of 14375 and 171580?
115
Calculate the highest common factor of 221328 and 5630508.
1908
Calculate the greatest common factor of 9309 and 472191.
321
What is the greatest common divisor of 7920 and 348060?
60
Calculate the greatest common factor of 12232 and 1642249972.
6116
What is the greatest common divisor of 100689759 and 57?
57
What is the greatest common factor of 37352 and 6611536?
232
What is the greatest common divisor of 3904 and 1038952?
488
What is the highest common factor of 4232 and 50896?
8
What is the greatest common factor of 188700 and 4217075?
925
Calculate the greatest common divisor of 28 and 308317492.
28
What is the highest common divisor of 2477 and 694652357?
2477
Calculate the highest common divisor of 47395774 and 3642.
1214
What is the highest common factor of 480581 and 16241?
109
Calculate the highest common divisor of 75895 and 3177.
353
Calculate the highest common divisor of 678 and 8607549.
339
Calculate the greatest common divisor of 1104841 and 224537.
1487
Calculate the highest common factor of 55596 and 433920.
1356
What is the highest common divisor of 66 and 278226498?
66
Calculate the highest common factor of 52 and 17700527.
13
What is the highest common factor of 72986069 and 377?
377
What is the highest common divisor of 40143916 and 3512?
1756
What is the greatest common factor of 456692 and 3718264?
3596
What is the highest common factor of 24198352 and 53072?
496
Calculate the highest common divisor of 27 and 5659860.
3
What is the highest common factor of 71729893 and 92?
23
Calculate the greatest common divisor of 4971984 and 7968.
48
What is the greatest common factor of 19721488 and 1058?
46
Calculate the greatest common divisor of 14 and 1239322.
14
What is the highest common factor of 51193565 and 1?
1
Calculate the greatest common divisor of 4580666951 and 49.
49
Calculate the highest common divisor of 47366 and 762597.
11
Calculate the greatest common factor of 5643 and 355091.
209
Calculate the highest common divisor of 1514113 and 46.
23
Calculate the highest common factor of 37365 and 624075.
795
What is the highest common factor of 149201 and 228436?
299
Calculate the greatest common factor of 30113270 and 770.
110
What is the greatest common factor of 131515 and 2095?
5
Calculate the highest common factor of 54677 and 696493.
511
Calculate the highest common factor of 62595634 and 2021.
47
Calculate the greatest common factor of 207 and 47224692.
9
What is the highest common factor of 281254798 and 154?
22
Calculate the highest common divisor of 713 and 3302027.
31
Calculate the highest common divisor of 20377 and 264614.
287
Calculate the highest common factor of 3354 and 6245148.
3354
Calculate the greatest common divisor of 3062374 and 7224.
602
Calculate the greatest common divisor of 24037 and 47429.
43
Calculate the highest common divisor of 23 and 45309218.
23
Calculate the greatest common divisor of 185